hat is -427 + -22?
-449
In base 11, what is -577 - 2?
-579
In base 10, what is -5 - -262?
257
In base 3, what is -1 + 12002221?
12002220
In base 3, what is 101 - -1000?
1101
In base 2, what is -110011 - 1000111?
-1111010
In base 15, what is -1ddb + 2?
-1dd9
In base 16, what is -8c1 - 4?
-8c5
In base 16, what is 4 - -2f?
33
In base 3, what is 10 - 202?
-122
In base 9, what is 81 - 17?
63
In base 12, what is -28 - 15?
-41
In base 2, what is -1110 + 11110010?
11100100
In base 6, what is 0 - 341?
-341
In base 11, what is 3 + -2?
1
In base 15, what is -17 - 9?
-21
In base 12, what is 7 + 175?
180
In base 8, what is 72 - -5?
77
In base 8, what is 5 - -32?
37
In base 3, what is 1001002 - -2?
1001011
In base 11, what is 9 - 0?
9
In base 6, what is -2442 - -1?
-2441
In base 10, what is 18 + 238?
256
In base 14, what is -137 + -40?
-177
In base 12, what is 5 + -153?
-14a
In base 13, what is -2 + -36?
-38
In base 16, what is -22d + 5?
-228
In base 9, what is -42 + -22?
-64
In base 6, what is -13 - 4153?
-4210
In base 16, what is -2c81 + -5?
-2c86
In base 15, what is 2 - 1ea?
-1e8
In base 9, what is 32 - -105?
137
In base 12, what is -56 - -68?
12
In base 15, what is 22 - 16?
b
In base 4, what is -1 - 11212?
-11213
In base 11, what is -3a + -79?
-108
In base 6, what is 0 + -10341?
-10341
In base 12, what is 1 - -65?
66
In base 11, what is -1394 + 4?
-1390
In base 10, what is 4 + 419?
423
In base 14, what is 0 - 600?
-600
In base 4, what is -2300 - 3?
-2303
In base 4, what is 2 + -231012?
-231010
In base 10, what is 4 + 1622?
1626
In base 7, what is -5 - -4542?
4534
In base 14, what is 372 + 2?
374
In base 8, what is 2 + 1012?
1014
In base 16, what is 2 - -7e1?
7e3
In base 14, what is -11 - -2?
-d
In base 11, what is -2a1 - 0?
-2a1
In base 3, what is 11 - 100222020?
-100222002
In base 8, what is -20 - 5600?
-5620
In base 16, what is -10 - 296?
-2a6
In base 5, what is 140 + 34?
224
In base 7, what is 2512 - 2?
2510
In base 12, what is 3 - -47?
4a
In base 12, what is 1 - b?
-a
In base 14, what is 2c - -5?
33
In base 8, what is -4614 + -4?
-4620
In base 12, what is -7456 + -4?
-745a
In base 10, what is 0 - -132?
132
In base 10, what is -48 - -13?
-35
In base 4, what is -13 - 22322?
-23001
In base 9, what is 72 - 1?
71
In base 3, what is 10211 - -2?
10220
In base 8, what is -5 + -47?
-54
In base 16, what is 6 - 7d?
-77
In base 4, what is 330102 - 10?
330032
In base 7, what is 3 - 100?
-64
In base 3, what is 22102200 - 10?
22102120
In base 14, what is -1 + -42?
-43
In base 2, what is 10000101 + -11100?
1101001
In base 14, what is -6a9 + 2?
-6a7
In base 14, what is -328 - 7?
-331
In base 11, what is 3a02 + -4?
39a9
In base 13, what is 65 + 5?
6a
In base 11, what is 84 + -32?
52
In base 8, what is -1 - 3?
-4
In base 11, what is -3 - -92?
8a
In base 16, what is -103 - -1?
-102
In base 13, what is 56 - 1?
55
In base 15, what is 7b - 39?
42
In base 14, what is 2d + 1?
30
In base 5, what is 1001310 + 2?
1001312
In base 5, what is -123420 + 4?
-123411
In base 11, what is 4 - -3638?
3641
In base 6, what is 2 + 3402?
3404
In base 11, what is 24 + 18?
41
In base 15, what is 2b - 7?
24
In base 13, what is 16 - c?
7
In base 5, what is -403 - 244?
-1202
In base 7, what is 22 - 3?
16
In base 8, what is -351 - -1?
-350
In base 2, what is -101011000 + -1?
-101011001
In base 14, what is -76 + -a2?
-138
In base 6, what is 3 + 1354?
1401
In base 11, what is -91 + -6?
-97
In base 5, what is -3 - -1434?
1431
In base 11, what is 7 - -184?
190
In base 6, what is 13 + 15?
32
In base 9, what is -154 + 65?
-78
In base 15, what is -7e - -c?
-72
In base 10, what is 9 - -81?
90
In base 15, what is 1 - 4ca?
-4c9
In base 10, what is 14 - -47?
61
In base 5, what is -134 + 10?
-124
In base 15, what is 4 + 4c1?
4c5
In base 11, what is 5 - -77?
81
In base 2, what is 10 - -100001110100?
100001110110
In base 13, what is 7 - -12?
19
In base 12, what is 247 - -2?
249
In base 2, what is -1010 + 111?
-11
In base 15, what is 6d - -18?
86
In base 2, what is -1001111001011 - 101?
-1001111010000
In base 16, what is -9 + -5?
-e
In base 8, what is -1575 - 4?
-1601
In base 4, what is 200212 + -10?
200202
In base 13, what is 9 + -10c?
-103
In base 7, what is -10 - -203?
163
In base 13, what is 1 - 505?
-504
In base 13, what is -1 - -51?
50
In base 13, what is 9c - 10?
8c
In base 16, what is -4 - 4e?
-52
In base 9, what is 4 + -4512?
-4507
In base 11, what is -6 + 6a6?
6a0
In base 6, what is 5344 - -11?
5355
In base 13, what is 2 - 245?
-243
In base 9, what is 0 + -4?
-4
In base 6, what is 33 + -3242?
-3205
In base 13, what is -219 + 2?
-217
In base 9, what is -4 - 2321?
-2325
In base 15, what is 1 - -4a?
4b
In base 10, what is -4 + -1172?
-1176
In base 14, what is 9346 + 3?
9349
In base 2, what is -10000101 - 10110?
-10011011
In base 4, what is -10 + 3?
-1
In base 5, what is 10 - -10?
20
In base 10, what is -2 + -33?
-35
In base 4, what is 10022 - 123?
3233
In base 9, what is -3 + 135?
132
In base 2, what is -101 + 1101?
1000
In base 15, what is 12 + 5?
17
In base 8, what is 444 - -1?
445
In base 4, what is -31321 + 1?
-31320
In base 12, what is 10 - -37?
47
In base 7, what is 21 + -123?
-102
In base 3, what is -1100 + 202?
-121
In base 13, what is 1 + 26?
27
In base 8, what is 4 + -323?
-317
In base 12, what is -21 + 5?
-18
In base 13, what is -3a - 1?
-3b
In base 5, what is 431 + 1?
432
In base 2, what is 11 - 10111100?
-10111001
In base 16, what is 1 + -41b?
-41a
In base 2, what is -101101 + 1010001?
100100
In base 12, what is -328 - 5?
-331
In base 2, what is -110101 + 10101?
-100000
In base 2, what is 10100 - 1000?
1100
In base 8, what is -1720 - -3?
-1715
In base 16, what is 5 + -3b8?
-3b3
In base 15, what is -20a + -3?
-20d
In base 16, what is -a - -6?
-4
In base 9, what is -208 - 2?
-211
In base 10, what is -5 + 73?
68
In base 6, what is 145150 + -5?
145141
In base 7, what is 12645 - 4?
12641
In base 6, what is -1123 + 1?
-1122
In base 6, what is 3 + -2135?
-2132
In base 13, what is 31c - -14?
333
In base 5, what is -12 + 22?
10
In base 14, what is 12 + -65?
-53
In base 5, what is -3 - -23?
20
In base 6, what is -2 - 24?
-30
In base 6, what is 5344 - -1?
5345
In base 13, what is 1311 - -4?
1315
In base 3, what is 10 + -112021?
-112011
In base 11, what is 1 + a?
10
In base 14, what is -3 - -161d?
161a
In base 9, what is -3 + -1813?
-1816
In base 2, what is -110101000 - 0?
-110101000
In base 8, what is 172 + -4?
166
In base 3, what is -100200 + 2?
-100121
In base 10, what is 1 - -1339?
1340
In base 5, what is 30114 - -1?
30120
In base 2, what is 0 - 10111111111?
-10111111111
In base 11, what is -1 + a1?
a0
In base 16, what is -2 + -a9?
-ab
In base 5, what is -23 - 1310?
-1333
In base 6, what is -13 - 1024?
-1041
In base 2, what is 1110010 - -1000?
1111010
In base 15, what is 43 - -5?
48
In base 7, what is 3 + 4566?
4602
In base 5, what is -4412 + -3?
-4420
In base 15, what is 6 + -3b6?
-3b0
In base 13, what is -236 - 2?
-238
In base 2, what is -101 - 1111111?
-10000100
In base 2, what is -100101 - 100?
-101001
In base 10, what is -30 - 10?
-40
In base 11, what is 5 + -707?
-702
In base 4, what is -2021 - 1?
-2022
In base 15, what is 5 - a?
-5
In base 16, what is 1e - c?
12
In base 12, what is 2 + -113?
-111
In base 16, what is -13 - 180?
-193
In base 10, what is 4 + 166?
170
In base 13, what is -3 - -57?
54
In base 14, what is -126 + 5?
-121
In base 14, what is 20a6 - -4?
20aa
In base 12, what is 4 - -62?
66
In base 2, what is -10010110010 + 1000?
-10010101010
In base 7, what is 25 - -112?
140
In base 13, what is 4a3 + 4?
4a7
In base 9, what is 127 - -15?
143
In base 8, what is 16411 - -5?
16416
In base 13, what is -409 - -11?
-3c8
In base 6, what is 2 + 3124?
3130
In base 3, what is 10 - -1021?
1101
In base 11, what is -5 - -49a7?
49a2
In base 11, what is -4 - -164?
160
In base 9, what is 4 - 231?
-226
In base 8, what is 1 - -105?
106
In base 16, what is 13 + -eb?
-d8
In base 4, what is 210 + -11?
133
In base 8, what is -4 + -7710?
-7714
In base 14, what is -568 - 2?
-56a
In base 15, what is -3 + -50?
-53
In base 5, what is -2 - 102114?
-102121
In base 3, what is -101 - 21002?
-21110
In base 13, what is 51 - 7?
47
In base 5, what is -202 + -14?
-221
In base 2, what is 100011 - 101100?
-1001
In bas